{"id":2097,"date":"2024-04-03T17:13:35","date_gmt":"2024-04-03T20:13:35","guid":{"rendered":"https:\/\/esperanto.org.br\/kongreso\/?page_id=2097"},"modified":"2025-05-08T11:54:19","modified_gmt":"2025-05-08T14:54:19","slug":"antaukongreso","status":"publish","type":"page","link":"https:\/\/esperanto.org.br\/kongreso\/antaukongreso\/","title":{"rendered":"Anta\u016dkongreso"},"content":{"rendered":"\n<p>La ununura moderna urbo en la mondo, kiu ricevis la titolon de Kultura Monda Hereda\u0135o de Unesko, Braziljo estas speciala la\u016d diversaj trajtoj. Multe pli ol la \u0109efurbo kaj politika centro de Brazilo, Brazilljo estas unika loko, kiu meritas vian viziton.<\/p>\n\n\n\n<p>Promeni tra Braziljo estas invito al fotografio. La \u0109efurbo estas tia urbo plena je po\u015dtkartinda\u0135oj kaj turismaj lokoj. La konstrua\u0135oj havas belegan arkiteturon, plena je kurbi\u011doj kaj surprizindaj anguloj; la betono, ege videbla, kontrastas la arbarigadon de Plano Piloto, plena je florarboj kaj bonzorgitaj bedoj; kaj anka\u016d la \u0109ielo, kiu donacas al \u0109iuj kaj la intensan bluon kaj la sunsubira brulru\u011do. \u0108io por ravigi vizitantojn je \u0109iu nova horizonto.<\/p>\n\n\n\n<p><a href=\"https:\/\/www.youtube.com\/live\/ILdFpcRL7hg?si=RXCIGvYlw0EVVbLH\" data-type=\"link\" data-id=\"https:\/\/www.youtube.com\/live\/ILdFpcRL7hg?si=RXCIGvYlw0EVVbLH\" target=\"_blank\" rel=\"noreferrer noopener\">Alklaku \u0109i tie por spekti nian tujelsendon pri la Braziljo kaj la anta\u016dkongreso (en la portugala).<\/a><\/p>\n\n\n\n<p>Se vi jam scias, kiu(j)n ekskurso(j)n vi volas partopreni, simple alklaku la suban butonon kaj iru al la ali\u011dilo. Se ne, daurigu \u0109i tie kaj vi scios kion ni preparas por vi.<\/p>\n\n\n\n<div class=\"wp-block-buttons is-content-justification-center is-layout-flex wp-container-core-buttons-is-layout-a89b3969 wp-block-buttons-is-layout-flex\">\n<div class=\"wp-block-button\"><a class=\"wp-block-button__link wp-element-button\" href=\"https:\/\/esperanto.org.br\/kongreso\/antaukongreso\/aligxilo\/\">Ali\u011di al ekskurso<\/a><\/div>\n<\/div>\n\n\n\n<div class=\"wp-block-group is-layout-constrained wp-block-group-is-layout-constrained\" style=\"border-radius:25px;border-bottom-width:2px\">\n<h2 class=\"wp-block-heading has-text-align-center\">Ekskursoj<\/h2>\n<\/div>\n\n\n\n<p>\u0108i-jare vi povas ekkoni Braziljon kaj siajn \u0109irka\u016da\u0135ojn en 4 malsamaj spertoj. Kiu(j)n vi \u015datus vidi?<\/p>\n\n\n\n<div class=\"wp-block-buttons is-content-justification-center is-layout-flex wp-container-core-buttons-is-layout-c124d1c4 wp-block-buttons-is-layout-flex\">\n<div class=\"wp-block-button has-custom-width wp-block-button__width-50\"><a class=\"wp-block-button__link wp-element-button\" href=\"https:\/\/esperanto.org.br\/kongreso\/antaukongreso\/tago-1\/\">Tago 1: Unu tago en Braziljo<\/a><\/div>\n\n\n\n<div class=\"wp-block-button has-custom-width wp-block-button__width-50\"><a class=\"wp-block-button__link wp-element-button\" href=\"https:\/\/esperanto.org.br\/kongreso\/antaukongreso\/tago-2\/\">Tago 2: Naturo en Salto de Itiquira<\/a><\/div>\n\n\n\n<div class=\"wp-block-button has-custom-width wp-block-button__width-50\"><a class=\"wp-block-button__link wp-element-button\" href=\"https:\/\/esperanto.org.br\/kongreso\/antaukongreso\/tago-3\/\">Tago 3: Oro en Pirenopolo<\/a><\/div>\n\n\n\n<div class=\"wp-block-button has-custom-width wp-block-button__width-50\"><a class=\"wp-block-button__link wp-element-button\" href=\"https:\/\/esperanto.org.br\/kongreso\/antaukongreso\/tago-4\/\">Tago 4: Esperanto kaj lumoj en Braziljo<\/a><\/div>\n<\/div>\n\n\n\n<div class=\"wp-block-columns is-layout-flex wp-container-core-columns-is-layout-28f84493 wp-block-columns-is-layout-flex\">\n<div class=\"wp-block-column has-palette-color-6-background-color has-background is-layout-flow wp-block-column-is-layout-flow\" style=\"flex-basis:10px\"><\/div>\n\n\n\n<div class=\"wp-block-column is-layout-flow wp-block-column-is-layout-flow\">\n<p><strong>Grava informo<\/strong><\/p>\n\n\n\n<p>\u0108iu ekskurso postulas minimuman kvanton de partoprenantoj por okazi. Se via ekskurso ne atingos tiun nombron, \u011di estos nuligita kaj via mono tute redonita.<\/p>\n<\/div>\n<\/div>\n\n\n\n<div class=\"wp-block-group is-layout-constrained wp-block-group-is-layout-constrained\" style=\"border-radius:25px;border-bottom-width:2px\">\n<h2 class=\"wp-block-heading has-text-align-center\" id=\"inkluzivita\">Kion inkluzivas \u0109iu ekskurso<\/h2>\n<\/div>\n\n\n\n<ul class=\"wp-block-list\">\n<li>Surteran voja\u011don al \u0109iu priskribita aktiva\u0135o en 25-se\u011da buso;<\/li>\n\n\n\n<li>Po 02 akvobotelojn al \u0109iu ekskursano;<\/li>\n\n\n\n<li>Lokan gvidiston, kiu parolas la portugala, kaj tradukan gvidiston, kiu parolas esperanton;<\/li>\n\n\n\n<li>Promenojn la\u016d priskribo de la itinero;<\/li>\n\n\n\n<li>Enirkotizojn de \u0109iu vizitita loko;<\/li>\n\n\n\n<li>Akompanon de dulingva kunordiganto dum la tuta voja\u011do.<\/li>\n<\/ul>\n\n\n\n<div class=\"wp-block-group is-layout-constrained wp-block-group-is-layout-constrained\" style=\"border-radius:25px;border-bottom-width:2px\">\n<h2 class=\"wp-block-heading has-text-align-center\" id=\"ne-inkluzivita\">Kion NE inkluzivas \u0109iu ekskurso<\/h2>\n<\/div>\n\n\n\n<ul class=\"wp-block-list\">\n<li>Elspezojn kun man\u011dado;<\/li>\n\n\n\n<li>Elspezojn kun dokumentoj;<\/li>\n\n\n\n<li>Hotelajn servotaksojn pro personaj elspezoj;<\/li>\n\n\n\n<li>\u0108ion, kion ne estas specife menciita kiel inkluzivita.<\/li>\n<\/ul>\n","protected":false},"excerpt":{"rendered":"<p>La ununura moderna urbo en la mondo, kiu ricevis la titolon de Kultura Monda Hereda\u0135o de Unesko, Braziljo estas speciala la\u016d diversaj trajtoj. Multe pli ol la \u0109efurbo kaj politika centro de Brazilo, Brazilljo estas unika loko, kiu meritas vian viziton. Promeni tra Braziljo estas invito al fotografio. La \u0109efurbo estas tia urbo plena je [&hellip;]<\/p>\n","protected":false},"author":3,"featured_media":0,"parent":0,"menu_order":0,"comment_status":"closed","ping_status":"closed","template":"","meta":{"iawp_total_views":1502,"footnotes":""},"class_list":["post-2097","page","type-page","status-publish","hentry"],"blocksy_meta":{"vertical_spacing_source":"custom","content_area_spacing":"top","styles_descriptor":{"styles":{"desktop":"","tablet":"","mobile":""},"google_fonts":[],"version":6}},"_links":{"self":[{"href":"https:\/\/esperanto.org.br\/kongreso\/wp-json\/wp\/v2\/pages\/2097","targetHints":{"allow":["GET"]}}],"collection":[{"href":"https:\/\/esperanto.org.br\/kongreso\/wp-json\/wp\/v2\/pages"}],"about":[{"href":"https:\/\/esperanto.org.br\/kongreso\/wp-json\/wp\/v2\/types\/page"}],"author":[{"embeddable":true,"href":"https:\/\/esperanto.org.br\/kongreso\/wp-json\/wp\/v2\/users\/3"}],"replies":[{"embeddable":true,"href":"https:\/\/esperanto.org.br\/kongreso\/wp-json\/wp\/v2\/comments?post=2097"}],"version-history":[{"count":22,"href":"https:\/\/esperanto.org.br\/kongreso\/wp-json\/wp\/v2\/pages\/2097\/revisions"}],"predecessor-version":[{"id":2659,"href":"https:\/\/esperanto.org.br\/kongreso\/wp-json\/wp\/v2\/pages\/2097\/revisions\/2659"}],"wp:attachment":[{"href":"https:\/\/esperanto.org.br\/kongreso\/wp-json\/wp\/v2\/media?parent=2097"}],"curies":[{"name":"wp","href":"https:\/\/api.w.org\/{rel}","templated":true}]}}